{"id":243,"date":"2016-08-02T01:11:15","date_gmt":"2016-08-02T00:11:15","guid":{"rendered":"http:\/\/www.irene-azar.fr\/?page_id=243"},"modified":"2016-08-02T12:28:40","modified_gmt":"2016-08-02T11:28:40","slug":"la-rencontre-amoureuse-irl","status":"publish","type":"page","link":"https:\/\/www.irene-azar.fr\/index.php\/la-rencontre-amoureuse-irl\/","title":{"rendered":"La Rencontre Amoureuse IRL"},"content":{"rendered":"<p>\u00ab\u00a0In Real Life\u00a0\u00bb ou autrement dit la rencontre amoureuse physique, dans la vraie vie !<\/p>\n<p>Que ce soit dans votre commerce de proximit\u00e9, dans la rue, sur votre lieu de travail et j&rsquo;en passe, chaque jour vous croisez diff\u00e9rentes personnes.<\/p>\n<h3>Mais comment fonctionne le m\u00e9canisme de la rencontre amoureuse, le choix du partenaire ?<\/h3>\n<p>Au premier abord, nous sommes attir\u00e9s par des partenaires susceptibles de nous apporter du plaisir.<\/p>\n<p>\u00c9vident mais pas suffisant ! Nous faisons \u00e9galement une balance entre co\u00fbts et b\u00e9n\u00e9fices (cette notion fera l&rsquo;objet d&rsquo;un article). Il faut investir dans la relation de mani\u00e8re perceptible de l&rsquo;autre .<\/p>\n<p>Du point de vue de la sociologie, les couples hommes\/femmes sont\u00a0avant tout caract\u00e9ris\u00e9s par l&rsquo;homogamie. Il s&rsquo;agit simplement du fait de se mettre en couple avec une personne de son milieu ou proche. GUIONNET C., NEVEU E., F\u00e9minin\/Masculin, <em>Sociologie du genre<\/em>, 2004<\/p>\n<p>Bien que la notion d&rsquo;homogamie \u00e9volue et que le choix du partenaire se diversifie, la probabilit\u00e9 de choisir un partenaire exer\u00e7ant la m\u00eame profession ou habitant \u00e0 proximit\u00e9 de notre quartier reste d\u00e9terminante. L&rsquo;influence de la position sociale des parents est pr\u00e9pond\u00e9rante.<\/p>\n<h4>Comme un sentiment de d\u00e9j\u00e0 vu, non ?<\/h4>\n<p>Nous recherchons plus facilement une personne proche de notre milieu social, qu&rsquo;il s&rsquo;agisse de culture semblable ou proche, de relations de voisinage, d&rsquo;environnement de travail ou de zone g\u00e9ographique.<\/p>\n<blockquote><p>Les membres des classes populaires tendent \u00e0 se rencontrer dans des lieux publics (bals, f\u00eates, cin\u00e9mas, rues, caf\u00e9s, centres commerciaux, transports en commun &#8230;) ;<\/p>\n<p>Les classes favoris\u00e9es \u00ab\u00a0\u00e0 capital intellectuel\u00a0\u00bb (personnes cultiv\u00e9es ayant fait de longues \u00e9tudes &#8230;), dans les lieux <em>r\u00e9serv\u00e9s<\/em> (associations, lieux d&rsquo;\u00e9tudes, lieux de travail, clubs sportifs, bo\u00eetes de nuit &#8230;) ;<\/p>\n<p>Les classes favoris\u00e9es \u00ab\u00a0\u00e0 capital \u00e9conomique\u00a0\u00bb (patrons ou professions lib\u00e9rales), dans les lieux<em> priv\u00e9s<\/em>, (f\u00eates ou rencontres entre amis). BOZON M., HERAN F., <em>La d\u00e9couverte du conjoint<\/em>, 1987<\/p><\/blockquote>\n<p>De mani\u00e8re g\u00e9n\u00e9rale, nous cherchons \u00e0 nous prot\u00e9ger d&rsquo;une \u00ab\u00a0mauvaise rencontre\u00a0\u00bb en favorisant notre milieu social d&rsquo;origine. Nous recherchons alors des \u00ab\u00a0gens comme il faut\u00a0\u00bb, en ad\u00e9quation avec notre culture, nos connaissances et nos centres d&rsquo;int\u00e9r\u00eats. Nous int\u00e9riorisons ces m\u00e9canismes et subissons une pression \u00e0 la conformit\u00e9. D\u00e8s lors, nous recherchons des personnes \u00ab\u00a0recevables\u00a0\u00bb en fonction de notre monde social.<\/p>\n<h3>La th\u00e9orie implicite <em>de la beaut\u00e9 et de la bont\u00e9<\/em><\/h3>\n<p>Nous avons tendance \u00e0 rechercher de belles et bonnes personnes. Les individus \u00ab\u00a0beaux\u00a0\u00bb auraient la vie belle et les portes s&rsquo;ouvriraient plus facilement devant eux.<\/p>\n<h4>Mais comment d\u00e9termine-t-on la beaut\u00e9 ?<\/h4>\n<p>D&rsquo;apr\u00e8s certaines recherches, plusieurs variables rentrent en ligne de compte. Par exemple, la taille d&rsquo;un homme aura un impact sur son salaire. <strong>FELDMAN, 1971<\/strong><\/p>\n<p>GRAND\u00a0= salaire plus \u00e9lev\u00e9 \u00e0 l&#8217;embauche ou encore facilitateur pour l&#8217;embauche et inversement !<\/p>\n<p>Autre exemple, les TRAITS RONDS \u00e9tant g\u00e9n\u00e9ralement attribu\u00e9s aux nourrissons conf\u00e9reront \u00e0 un homme un caract\u00e8re na\u00eff, docile et honn\u00eate. <strong>LEYENS, J-P., YZERBYT, V., 1997<\/strong><\/p>\n<p>La similitude favorise l&rsquo;attraction parce qu&rsquo;elle apporte une gratification imm\u00e9diate (partage et confirmation d&rsquo;opinions) et \u00e0 moyen\/long terme (les b\u00e9n\u00e9fices que l&rsquo;on pourra retirer de cette relation). <strong>NEWCOMB, 1961<\/strong><\/p>\n","protected":false},"excerpt":{"rendered":"<p>\u00ab\u00a0In Real Life\u00a0\u00bb ou autrement dit la rencontre amoureuse physique, dans la vraie vie ! Que ce soit dans votre commerce de proximit\u00e9, dans<\/p>\n","protected":false},"author":1,"featured_media":0,"parent":0,"menu_order":0,"comment_status":"closed","ping_status":"closed","template":"","meta":{"sfsi_plus_gutenberg_text_before_share":"","sfsi_plus_gutenberg_show_text_before_share":"","sfsi_plus_gutenberg_icon_type":"","sfsi_plus_gutenberg_icon_alignemt":"","sfsi_plus_gutenburg_max_per_row":""},"_links":{"self":[{"href":"https:\/\/www.irene-azar.fr\/index.php\/wp-json\/wp\/v2\/pages\/243"}],"collection":[{"href":"https:\/\/www.irene-azar.fr\/index.php\/wp-json\/wp\/v2\/pages"}],"about":[{"href":"https:\/\/www.irene-azar.fr\/index.php\/wp-json\/wp\/v2\/types\/page"}],"author":[{"embeddable":true,"href":"https:\/\/www.irene-azar.fr\/index.php\/wp-json\/wp\/v2\/users\/1"}],"replies":[{"embeddable":true,"href":"https:\/\/www.irene-azar.fr\/index.php\/wp-json\/wp\/v2\/comments?post=243"}],"version-history":[{"count":2,"href":"https:\/\/www.irene-azar.fr\/index.php\/wp-json\/wp\/v2\/pages\/243\/revisions"}],"predecessor-version":[{"id":262,"href":"https:\/\/www.irene-azar.fr\/index.php\/wp-json\/wp\/v2\/pages\/243\/revisions\/262"}],"wp:attachment":[{"href":"https:\/\/www.irene-azar.fr\/index.php\/wp-json\/wp\/v2\/media?parent=243"}],"curies":[{"name":"wp","href":"https:\/\/api.w.org\/{rel}","templated":true}]}}